d.
29
Let t(o) = -o**2 - 34*o - 28. What are the prime factors of t(-22)?
2, 59
Suppose -2*k = -2*f - 2, -4*f - 2 = k - 3*k. Suppose -z + 3*g + 7 + 4 = f, 2*z + 2*g - 6 = 0. List the prime factors of z.
5
Let r = 413 + -283. List the prime factors of r.
2, 5, 13
Let g(w) = 9*w**3 - 2*w + 11. Let z(d) = 5*d**3 - d + 6. Let j(p) = 6*g(p) - 11*z(p). Let q be j(-1). List the prime factors of -1 - (q + 1*-7).
2
Let s(l) = -l - 1. Let f be s(-12). Suppose 58 + f = 3*x. What are the prime factors of x?
23
Let x be (-8)/(-32) - (-3)/4. Let g = -43 - -64. List the prime factors of x/((-6)/g)*-2.
7
Let x be -1*(3 + 1/1). List the prime factors of (-5)/(2*2/x).
5
Suppose 0 = -3*j + 74 + 16. List the prime factors of j.
2, 3, 5
Let t(q) = q**2 + 6*q - 10. Let w be t(-9). Suppose 0 = -2*k + k - 8. Let z = k + w. What are the prime factors of z?
3
Let t(f) = f. Let i be t(0). Suppose -3*r + 4*r = i. Suppose 2 = -u + 4*q - r, 4*u - q - 22 = 0. List the prime factors of u.
2, 3
Let p = -74 + 103. What are the prime factors of p?
29
Let o(t) = t + 5. Let s(x) = -x - 1. Let q(d) = -d**2 - 3*d + 2. Let w(f) = q(f) + 2*s(f). Let h be w(-5). What are the prime factors of o(h)?
5
List the prime factors of (2 - -1) + 0 + (68 - -293).
2, 7, 13
Suppose 0 = -3*w + 2*t - 12, -w + 5*t - 11 = -3*w. Let o be (-2)/(-7) + (-270)/(-35). Let c = o + w. List the prime factors of c.
2, 3
Suppose b - 11*b + 2130 = 0. What are the prime factors of b?
3, 71
Suppose -31 + 383 = 4*i. List the prime factors of i.
2, 11
Let j = -14 + -4. Let y be 124/(-9) - (-4)/j. Let p = y - -30. What are the prime factors of p?
2
Let x = -6 + 22. Suppose 56 = g - 5*m, -3*m - m - x = 0. Suppose 0 = 3*f - g + 12. What are the prime factors of f?
2
Suppose -3*m + 150 = 2*m. What are the prime factors of m?
2, 3, 5
Let w(p) = p**3 + p**2 + 5*p + 3. List the prime factors of w(3).
2, 3
Let p be (-1)/((-3)/96*1). Suppose -2 = 5*c - p. List the prime factors of c.
2, 3
List the prime factors of (-1)/((2 + (-71)/36)*-2).
2, 3
Suppose -1162 = -3*m - 352. List the prime factors of m.
2, 3, 5
Let y = 28 - 18. Suppose i + 3*b + 0*b = -y, 0 = -2*i - b + 5. List the prime factors of 7/(3/(i + -2)).
7
Let p = -228 + 401. List the prime factors of p.
173
Let m = 310 + -185. List the prime factors of m.
5
Let x(i) = 5*i**2 + 2*i + 2. Let f be x(-2). Suppose 0 = -2*w - 1 - 25. Let n = f + w. What are the prime factors of n?
5
Let s be (-2)/(-8)*-22*2. List the prime factors of 3 - 6 - (s - -3).
5
Let s = 12 - 20. What are the prime factors of s/(-24) - (-17)/3?
2, 3
Suppose 6*r + 117 = 7*r. List the prime factors of r.
3, 13
Let a(q) = 17*q - 5. What are the prime factors of a(4)?
3, 7
Let x be 228/14 + (-10)/35. Let o = 10 + x. List the prime factors of o.
2, 13
Suppose k - 20 + 4 = 0. What are the prime factors of k?
2
Suppose 4*x + t - 4 = -t, 5*x - 15 = -5*t. Let q(o) = -38*o + 1. Let h be q(x). Let p = h + -16. List the prime factors of p.
23
Suppose -470 - 10 = -5*u. What are the prime factors of u?
2, 3
Suppose 4*w - 12 = 4*j, -8*j = -5*w - 4*j + 12. Suppose 4*b + 0*b - 54 = -3*k, 5*b + 2*k - 64 = w. List the prime factors of b.
2, 3
List the prime factors of 539/21*(1 - -2).
7, 11
Let m(p) = 3*p**3 - p**2 - p - 2. What are the prime factors of m(2)?
2
Suppose t + 4*t = 0. Let h(x) = t*x - x**3 - 2*x + 7*x + 7 + 4*x**2. List the prime factors of h(5).
7
Let t(a) = -a**3 + 7*a**2 + 11*a - 4. List the prime factors of t(8).
2, 5
Let o be 2 - 3 - 1*-6. Let z = 14 - o. What are the prime factors of z?
3
Let c(a) = 2*a**2 + a - 1. Suppose -4*t = -3*y - 1, -3*t - 2*y + 5 = -0*t. Let o be c(t). Suppose j + o = 11. List the prime factors of j.
3
Suppose 2*u + 1 = 5. Suppose -x - 6 = -u*x. What are the prime factors of x - 1 - 6/3?
3
Let w be 8 + -4 - (-2)/2. Suppose 2*m + w - 13 = 0. What are the prime factors of m?
2
Suppose 3*v - 281 = -68. What are the prime factors of v?
71
Let m(f) = f**3 - 18*f**2 - 40*f + 30. What are the prime factors of m(20)?
2, 3, 5
Let z = 66 - 7. List the prime factors of z.
59
List the prime factors of 61/3 - (-9)/(-27).
2, 5
Let m be (-10)/((8/1)/(-4)). Suppose 35 = -0*k + 2*k + i, 2*k + m*i - 31 = 0. What are the prime factors of k?
2, 3
Let q(g) = g**2 + 4*g - 7. List the prime factors of q(-9).
2, 19
Let f = 80 + -65. List the prime factors of f.
3, 5
Let p(b) = -b**3 + 4*b**2 - 1. Let k(z) = z + 3. Let y be k(-11). Let t be (-18)/y - (-12)/16. List the prime factors of p(t).
2
Let u = -1 - -5. Suppose -u*b - 30 = -v, 3*v + 0*v = 3*b + 45. What are the prime factors of v?
2, 5
Let s = 194 - 101. List the prime factors of s.
3, 31
Suppose 2*v - 37 = l + 54, 4*v - 4*l = 188. What are the prime factors of v?
2, 11
Let c = -8 + 29. Suppose c = 6*d - 3. List the prime factors of d.
2
Suppose -3*p = -13 - 5. List the prime factors of p/24 + 43/4.
11
Let x(o) = -3*o**2 - 14*o - 11. Let r(s) = -7*s**2 - 29*s - 23. Let l(w) = -2*r(w) + 5*x(w). Let k be l(-9). Let g = k + -12. List the prime factors of g.
2, 3
Suppose 4*f + 165 = 7*f. What are the prime factors of f?
5, 11
Let d(j) = 3*j**2 + 1. What are the prime factors of d(1)?
2
Suppose -5*o + 8 = 4*m, m + 2*o - 17 = -3*o. Let n be 40*(-1 - m/2). What are the prime factors of (3/(-3))/((-2)/n)?
2, 5
List the prime factors of 13/(-39) - (292/(-3))/4.
2, 3
Let c(j) be the second derivative of -j**4/12 - 4*j**3/3 + 3*j**2/2 - 2*j. Let i be c(-8). Suppose -i*m = 2*m - 60. What are the prime factors of m?
2, 3
Let v be (-58)/6 + 16/24. Let o = v - -15. List the prime factors of o.
2, 3
List the prime factors of 0 - (-9 - 8/(-4)).
7
Suppose -18 = -3*z + 5*z. List the prime factors of -6*z/(6 - 3).
2, 3
What are the prime factors of (-2 + 49)*(-3 + 1)*-1?
2, 47
What are the prime factors of (122/(-4))/(4/(-8))?
61
Let o = -1 - 26. What are the prime factors of (3 - o/(-3))/(-1)?
2, 3
Suppose x + 2 = 2*v - x, 0 = -5*v - 2*x + 19. Suppose -2*i - s = -v*s - 18, 20 = 4*s. What are the prime factors of i?
2, 7
Let x(h) = -h**2 - 7*h + 11. Let w be x(-8). Let k be 18*w/6*-1. What are the prime factors of (-16)/(-6)*k/(-2)?
2, 3
Suppose -2*t - 46 = 3*x, 4*x - 3*t + 28 = t. Let i be (8/x)/((-1)/9). Suppose 33 = 3*q + i. What are the prime factors of q?
3
List the prime factors of (-4)/(-2) + 22 - 4.
2, 5
Suppose 0 = 4*p + 4*v - 0 - 16, -4 = 4*p - v. Suppose 60 = 6*f - f. Suppose p = 2*c - 10 - f. List the prime factors of c.
11
Let j(l) = -72*l + 3. What are the prime factors of j(-3)?
3, 73
Suppose -6 = -q + 4*q. Let n be -5 - q/(-2 + 3). What are the prime factors of (-6)/(-9) - 28/n?
2, 5
Suppose -16 = -0*r - 4*r. Let n = 83 - 55. Suppose -r*h + 1 + 15 = 4*z, n = 5*z + 3*h. What are the prime factors of z?
2
Let y(r) = r**3 - 5*r**2 - 5*r. What are the prime factors of y(9)?
3, 31
Let a(d) = -d**2 + 5*d - 2. Let p be a(5). Let k be 0 + p + (-2 - -6). What are the prime factors of 5*k + (1 - 0)?
11
Let m(r) = -4 - 3*r - 3 + 3*r - r. What are the prime factors of m(-9)?
2
Let y = -8 - 0. Let f(p) = 4*p + 3. Let w be f(y). Let s = -14 - w. What are the prime factors of s?
3, 5
Let h be 2/(-2) + (-6)/(-1). Let j = -5 + h. Let z(l) = -l + 5. List the prime factors of z(j).
5
Suppose 2*p - 3*n - 11 = -0*p, 5*n + 13 = -2*p. Suppose -5*k + p + 4 = 0. What are the prime factors of k/(12/11 - 1)?
11
Let n(p) be the third derivative of p**5/60 + p**4/24 - p**3/3 + p**2. Let h(f) = -f**3 - 8*f**2 - 7*f - 4. Let v be h(-7). List the prime factors of n(v).
2, 5
List the prime factors of (4 + 1)*(-28)/(-10).
2, 7
Let z(q) = q**3 + 4*q**2 + 3*q + 1. What are the prime factors of z(-2)?
3
Suppose -4*u = -5*u + 7. List the prime factors of u.
7
What are the prime factors of 93/2 + (-10)/20?
2, 23
Suppose -4*o = 5*q - 119, 4*o - 13 = -2*q + 37. Suppose -5*c + 67 = -q. Suppose 4*z - c = 2*z. List the prime factors of z.
3
Let q be 0/3 + 1 + 4. Suppose -3*y + q*f = -6, -2*y - 3*f + 20 = -f. What are the prime factors of y?
7
Let j(c) = -c**3 + 6*c**2 + 7*c + 3. Let v be j(7). Suppose -v*a + 40 = 4*g, -3 - 7 = -2*g - 4*a. What are the prime factors of g?
13
Let s be ((-10)/3)/((-1)/9). Suppose d = -d + s. Let n = 27 - d. What are the prime factors of n?
2, 3
Let p = -2 - -13. Suppose s - 12 = p. List the prime factors of s.
23
Suppose 3 - 9 = w. Let z(b) = b**3 + 5*b*